{"id":40,"date":"2016-05-09T23:17:59","date_gmt":"2016-05-09T22:17:59","guid":{"rendered":"http:\/\/via-arverna.org\/?page_id=40"},"modified":"2020-08-04T11:09:19","modified_gmt":"2020-08-04T10:09:19","slug":"etape-8","status":"publish","type":"page","link":"https:\/\/archive.via-arverna.org\/?page_id=40","title":{"rendered":"8 Ferri\u00e8res => Chalinargues"},"content":{"rendered":"<p style=\"text-align: center;\"><script src=\"http:\/\/www.openrunner.com\/orservice\/inorser-script.php?key=mykey&amp;ser=S09&amp;id=6078648&amp;w=500&amp;h=400&amp;hp=128&amp;k=5&amp;m=0&amp;pa=1&amp;c=0&amp;ts=1463087750\" type=\"text\/javascript\"><\/script><\/p>\n<p style=\"text-align: center;\">A Moissac il est possible de continuer directement jusqu&rsquo;\u00e0 Chalinargues (<a href=\"http:\/\/via-arverna.org\/?page_id=42\">\u00e9tape 9<\/a>)\u00a0et d&rsquo;y coucher.<\/p>\n<p>On peut utiliser le d\u00e9tour vers Neussargues que pour utiliser la gare par exemple.<\/p>\n<p style=\"text-align: center;\"><iframe loading=\"lazy\" style=\"width: 460px; height: 499px;\" src=\"https:\/\/www.meteoblue.com\/fr\/meteo\/widget\/three\/ferri%c3%a8res-saint-mary_france_6447271?geoloc=fixed&amp;nocurrent=1&amp;days=4&amp;tempunit=CELSIUS&amp;windunit=KILOMETER_PER_HOUR&amp;layout=bright\" width=\"300\" height=\"150\" frameborder=\"1\" scrolling=\"NO\" sandbox=\"allow-same-origin allow-scripts allow-popups\"><\/iframe><\/p>\n<p style=\"text-align: center;\"><a href=\"http:\/\/via-arverna.org\/?page_id=38\" target=\"_blank\" rel=\"noopener noreferrer\">Etape Pr\u00e9c\u00e9dente <\/a> &#8211; <a href=\"http:\/\/via-arverna.org\/?page_id=42\" target=\"_blank\" rel=\"noopener noreferrer\">Etape suivante<\/a><\/p>\n","protected":false},"excerpt":{"rendered":"<p>A Moissac il est possible de continuer directement jusqu&rsquo;\u00e0 Chalinargues (\u00e9tape 9)\u00a0et d&rsquo;y coucher. On peut utiliser le d\u00e9tour vers Neussargues que pour utiliser la gare par exemple. Etape Pr\u00e9c\u00e9dente &#8211; Etape suivante<\/p>\n","protected":false},"author":1,"featured_media":0,"parent":18,"menu_order":11,"comment_status":"closed","ping_status":"closed","template":"","meta":{"ngg_post_thumbnail":0},"_links":{"self":[{"href":"https:\/\/archive.via-arverna.org\/index.php?rest_route=\/wp\/v2\/pages\/40"}],"collection":[{"href":"https:\/\/archive.via-arverna.org\/index.php?rest_route=\/wp\/v2\/pages"}],"about":[{"href":"https:\/\/archive.via-arverna.org\/index.php?rest_route=\/wp\/v2\/types\/page"}],"author":[{"embeddable":true,"href":"https:\/\/archive.via-arverna.org\/index.php?rest_route=\/wp\/v2\/users\/1"}],"replies":[{"embeddable":true,"href":"https:\/\/archive.via-arverna.org\/index.php?rest_route=%2Fwp%2Fv2%2Fcomments&post=40"}],"version-history":[{"count":14,"href":"https:\/\/archive.via-arverna.org\/index.php?rest_route=\/wp\/v2\/pages\/40\/revisions"}],"predecessor-version":[{"id":1153,"href":"https:\/\/archive.via-arverna.org\/index.php?rest_route=\/wp\/v2\/pages\/40\/revisions\/1153"}],"up":[{"embeddable":true,"href":"https:\/\/archive.via-arverna.org\/index.php?rest_route=\/wp\/v2\/pages\/18"}],"wp:attachment":[{"href":"https:\/\/archive.via-arverna.org\/index.php?rest_route=%2Fwp%2Fv2%2Fmedia&parent=40"}],"curies":[{"name":"wp","href":"https:\/\/api.w.org\/{rel}","templated":true}]}}