{"id":27,"date":"2016-05-09T23:06:53","date_gmt":"2016-05-09T22:06:53","guid":{"rendered":"http:\/\/via-arverna.org\/?page_id=27"},"modified":"2020-08-04T11:08:54","modified_gmt":"2020-08-04T10:08:54","slug":"etape-2","status":"publish","type":"page","link":"https:\/\/archive.via-arverna.org\/?page_id=27","title":{"rendered":"2 Olloix => Issoire"},"content":{"rendered":"<p style=\"text-align: justify;\">Au sud d\u2019Olloix, la Via Arverna traverse le pays des couzes et d\u00e9couvre des vestiges du Dauphin\u00e9 d\u2019Auvergne : le ch\u00e2teau de Montaigut et celui du Marchidial, accroch\u00e9 au haut quartier de Champeix. A Perrier, les pentes de la chaux se trouent d\u2019habitations troglodytiques. Avant d\u2019entrer dans Issoire, le p\u00e8lerin parcourt une Limagne dont les terres sont des plus fertiles. Au c\u0153ur de la cit\u00e9 de saint Austremoine, il sera apais\u00e9 par la contemplation de l\u2019harmonie de l\u2019abbatiale romane.<\/p>\n<p style=\"text-align: center;\"><script src=\"http:\/\/www.openrunner.com\/orservice\/inorser-script.php?key=mykey&amp;ser=S09&amp;id=6077745&amp;w=500&amp;h=400&amp;hp=128&amp;k=5&amp;m=0&amp;pa=1&amp;c=0&amp;ts=1463076448\" type=\"text\/javascript\"><\/script><\/p>\n<p style=\"text-align: center;\"><iframe loading=\"lazy\" style=\"width: 460px; height: 499px;\" src=\"https:\/\/www.meteoblue.com\/fr\/meteo\/widget\/three\/olloix_france_6440118?geoloc=fixed&amp;nocurrent=1&amp;days=4&amp;tempunit=CELSIUS&amp;windunit=KILOMETER_PER_HOUR&amp;layout=bright\" width=\"300\" height=\"150\" frameborder=\"1\" scrolling=\"NO\" sandbox=\"allow-same-origin allow-scripts allow-popups\"><\/iframe><\/p>\n<p style=\"text-align: center;\"><a href=\"http:\/\/www.issoire-tourisme.com\/\">R\u00e9server \u00e0 Issoire<\/a><\/p>\n<p style=\"text-align: center;\"><a href=\"http:\/\/via-arverna.org\/?page_id=23\" target=\"_blank\" rel=\"noopener noreferrer\">Etape Pr\u00e9c\u00e9dente <\/a> &#8211; <a href=\"http:\/\/via-arverna.org\/?page_id=30\" target=\"_blank\" rel=\"noopener noreferrer\">Etape suivante<\/a><\/p>\n","protected":false},"excerpt":{"rendered":"<p>Au sud d\u2019Olloix, la Via Arverna traverse le pays des couzes et d\u00e9couvre des vestiges du Dauphin\u00e9 d\u2019Auvergne : le ch\u00e2teau de Montaigut et celui du Marchidial, accroch\u00e9 au haut quartier de Champeix. A Perrier, les pentes de la chaux se trouent d\u2019habitations troglodytiques. Avant d\u2019entrer dans Issoire, le p\u00e8lerin parcourt une Limagne dont les &hellip; <a href=\"https:\/\/archive.via-arverna.org\/?page_id=27\" class=\"more-link\">Continuer la lecture<span class=\"screen-reader-text\"> de &laquo;&nbsp;2 Olloix => Issoire&nbsp;&raquo;<\/span><\/a><\/p>\n","protected":false},"author":1,"featured_media":505,"parent":18,"menu_order":5,"comment_status":"closed","ping_status":"closed","template":"","meta":{"ngg_post_thumbnail":0},"_links":{"self":[{"href":"https:\/\/archive.via-arverna.org\/index.php?rest_route=\/wp\/v2\/pages\/27"}],"collection":[{"href":"https:\/\/archive.via-arverna.org\/index.php?rest_route=\/wp\/v2\/pages"}],"about":[{"href":"https:\/\/archive.via-arverna.org\/index.php?rest_route=\/wp\/v2\/types\/page"}],"author":[{"embeddable":true,"href":"https:\/\/archive.via-arverna.org\/index.php?rest_route=\/wp\/v2\/users\/1"}],"replies":[{"embeddable":true,"href":"https:\/\/archive.via-arverna.org\/index.php?rest_route=%2Fwp%2Fv2%2Fcomments&post=27"}],"version-history":[{"count":18,"href":"https:\/\/archive.via-arverna.org\/index.php?rest_route=\/wp\/v2\/pages\/27\/revisions"}],"predecessor-version":[{"id":1147,"href":"https:\/\/archive.via-arverna.org\/index.php?rest_route=\/wp\/v2\/pages\/27\/revisions\/1147"}],"up":[{"embeddable":true,"href":"https:\/\/archive.via-arverna.org\/index.php?rest_route=\/wp\/v2\/pages\/18"}],"wp:featuredmedia":[{"embeddable":true,"href":"https:\/\/archive.via-arverna.org\/index.php?rest_route=\/wp\/v2\/media\/505"}],"wp:attachment":[{"href":"https:\/\/archive.via-arverna.org\/index.php?rest_route=%2Fwp%2Fv2%2Fmedia&parent=27"}],"curies":[{"name":"wp","href":"https:\/\/api.w.org\/{rel}","templated":true}]}}